-23?
15
-7 + (-13 - 18) - -4
-34
Calculate 5 - 1 - (6 - 0 - 3 - 0).
1
Calculate (-9 - (-3 + 3)) + -62 + 57.
-14
Evaluate 8 + 7 + (-31 - -16).
0
Evaluate -3 + (-6 - -13) - -9.
13
What is the value of 7 + 187 + -164 + (1 - 1 - 8)?
22
Calculate -32 - (0 + 6) - (-1 - 14).
-23
What is the value of 41 + -66 + 17 - -33?
25
Evaluate 7 + -3 + 24 + -17 + 10 + -5.
16
What is -19 - (7 + (-12 - -10) - (13 - 1))?
-12
Calculate 24 - 8 - -9 - -2 - 7.
20
What is -36 + -1 + 0 + 24 + -6?
-19
What is the value of 5 + (81 - 84 - (-2 - (0 + 2)))?
6
What is the value of -13 - ((-8 - -30 - 4) + -38)?
7
What is 17 + (38 - (1 - -17) - 78)?
-41
What is (9 - (-15 - -9)) + -2?
13
Evaluate 8 - (7 - (-14 - (0 + -9 - -1))).
-5
What is (15 - 5) + -10 - -9?
9
Evaluate -4 + (-17 - -12) + -5.
-14
6 + (-1 - 0) + -9 + (296 - 286)
6
What is (-8 + 8 + 11 - 22) + 26?
15
Calculate 24 - 1 - (0 + 44 - 38).
17
What is the value of (9 - (-54 + 38)) + -56?
-31
What is the value of (-102 + 96 - (2 - -30)) + 15?
-23
-23 + (-16 - (22 - 62))
1
What is the value of 143 + -134 + -21 + -1 + -12?
-25
Evaluate 38 - (1 + -39 - -99).
-23
Calculate 29 + -52 - (-3 - (1 + 3)).
-16
What is (-5 - -1 - 2) + (3 - -2 - 0)?
-1
What is the value of 363 + -347 - (1 + -1)?
16
Evaluate (8 - 8) + -3 - -12.
9
Calculate 20 + 4 + (-62 - -33).
-5
Evaluate 11 - (31 - (-18 - 1 - -15)).
-24
What is (-4 - (-1 + -2)) + (2 - 1) + 3?
3
What is (-17 - -50 - 6) + (4 - (11 - -3))?
17
Calculate 14 + -8 - (1 - (0 + -3 + -2)).
0
Calculate (8 - (31 - 25)) + -2 + -1 + 1.
0
Evaluate 35 - (20 + -5 + 20).
0
Evaluate 112 + -103 - (10 - (3 - 2)) - 2.
-2
Calculate (28 - -1) + 35 + (66 - 98).
32
What is 9 + (-5 - -4) + -6 - -3 - 4?
1
Evaluate -5 + 7 + 0 + 0 + -2 - -8.
8
(-2 - (-16 + 18)) + (-2 - 1 - -3)
-4
Calculate -2 + (3 - 6) - -6 - (-17 + 23).
-5
Calculate 344 - 324 - (-2 + -15).
37
What is -32 + 24 + (2 - 1) + -11 + 8?
-10
-7 - (3 - (1 + 0 - 0) - -1)
-10
0 - -23 - (-30 - (-24 - 19))
10
What is the value of -11 - (-4 + 12 + -13) - (-18 + 0)?
12
What is 5 + 3 + -11 - (2 - 6) - 14?
-13
What is -51 + 51 + -9 + 0 + 18?
9
What is 11 - (8 + -6 + 22)?
-13
Calculate (1 - 3) + -15 - -21.
4
What is the value of 28 + -44 + 10 - -18?
12
Calculate (-135 - -131) + 3 + (-3 - -1) + 4.
1
(8 - -3) + 0 + 0 + -2 + -1
8
What is the value of -5 - -1 - (-362 + 351)?
7
What is (1 + (-11 + 7 - 3) - -1) + 6?
1
Evaluate (-2 - -10) + -9 + (13 - 10) + -1.
1
What is 0 + 3 + (0 - 2) + 10?
11
Evaluate -22 - (34 - 9 - 49).
2
What is the value of -12 + 1 - (-11 + 49 - 78)?
29
Calculate -31 - -15 - (-9 - 10).
3
Evaluate 4 + -4 + 1 + 2 + -3 + 0.
0
What is -18 - (-82 - -75) - (-9 - 0)?
-2
Evaluate -35 - (-42 - (1 - 33)).
-25
Evaluate 0 - (5 - (5 + -7) - (41 - 24)).
10
What is the value of 466 + -492 - (-1 - 16) - -15?
6
What is 35 + -2 - (314 - 282)?
1
(-4 - -1) + -5 + 5 + 8 + -9
-4
0 + -3 + -8 + 9 + -8 + 24
14
Calculate 35 + 11 + -7 + -11 + -13.
15
What is -6 + (-4 - -11) + 18?
19
(289 - 275) + (-23 - (-6 + 3))
-6
What is 1 - (-2 + 1 + 0 + (4 - 0))?
-2
What is 1 + -6 + 11 - (1 + 15) - -1?
-9
Evaluate -43 - (-21 + 33 + -26).
-29
What is -32 - ((-25 - -21) + -41)?
13
What is the value of -10 + 11 + (7 - (27 + 5))?
-24
What is the value of -2 - -17 - (-28 - -50)?
-7
What is (-37 + 62 - 15) + -7 + -1?
2
What is the value of 7 - (-4 - (-8 + -1) - -4)?
-2
(-14 - (7 + -16)) + (-2 - 1)
-8
-2 + (-11 - -15) + (-3 - -2)
1
Calculate -4 - 1 - (1 + -12 + 406 + -396).
-4
What is -18 + (40 - (-22 + 33))?
11
What is -6 - (3 - 1) - (-7 + -22)?
21
What is the value of 6215 - 6207 - (-1 + 0 + (5 - 1))?
5
What is -8 - 8 - -4 - (2 + -3) - -1?
-10
What is the value of -7 - (-19 - -2) - 19?
-9
Evaluate (-17 - -26) + 3 - (-22 - -2 - -4).
28
What is the value of 13 + 2 - 28 - 0?
-13
Evaluate (15 + -5 - 3) + 11.
18
Evaluate (18 - (-13 - -36)) + 23.
18
-6 + (-3 + 0 - -14) + -10
-5
Evaluate -7 + 22 + -19 + -18.
-22
4 + (-1 + -12 - (-12 + -1))
4
Calculate (5 - 2 - (-12 + 1)) + (-2 - 0).
12
What is the value of 6 - (-2 - -20) - -19 - 6?
1
Calculate (-2 - -8) + 0 + 0 + (1100 - 1083).
23
What is 7 - ((-6 - (0 + 0) - -10) + -5)?
8
-32 + 48 + -2 + -5 + -2
7
What is the value of (0 - 0) + 10 - (-303 + 307)?
6
Evaluate -1 + -1 + 5 - -7 - 18.
-8
Evaluate -115 + 89 + -6 + 12.
-20
What is the value of 18 - (19 - 7) - -3?
9
What is the value of (-39 - -26) + 24 + 4?
15
What is (2 - 7) + -2 - (-13 - 2)?
8
What is the value of 15 + -10 + 8 + -1?
12
What is the value of (-4 - 15) + 8 + -5 + 3?
-13
13 + -31 - (-4 + -8)
-6
What is the value of (8 + 29 - 18) + -28?
-9
Evaluate (5 - 29 - (-6 - (9 + -10))) + -3.
-22
Calculate 2 + (-5 + -1 + 13 - 6) + 5.
8
What is -5 + (4 - -4 - 8 - -11)?
6
Calculate -25 - ((13 - 36) + -22).
20
What is the value of 46 - (1 - (-26 - 5))?
14
What is the value of 25 + (-12 - (16 + -15))?
12
Calculate 450 + -473 - (9 - 2 - -2).
-32
What is the value of -13 - (17 + -11 + -5 + -9)?
-5
What is -16 + -19 + 24 + -2?
-13
What is the value of (2 - -3) + (-2 - 4 - (8 - 16))?
7
Evaluate 106 + -115 - (-4 + 3).
-8
What is 0 + (5 + -15 - 3) + 6?
-7
What is (45 - 19) + -27 + -23?
-24
0 + 8 - (-35 + 41) - 5 - -3
0
Calculate 2 - (1 + 3 + -1 + (11 - 34)).
22
What is the value of -1 + -4 + 0 - (-67 - -55) - 3?
4
What is -1 + 9 - (-1 - (-19 + 16))?
6
What is -5 - -13 - (-2 - (-5 - (-6 + 0)))?
11
Evaluate -2 - (2 - -1) - ((-7 - -2) + 0).
0
(22 - 11) + (-3 - 10) - (-3 + 3)
-2
What is the value of -5 + (3 - 2 - -1) + (2 - -1)?
0
12 + (-16 - 8) + 11 - -13
12
What is the value of -15 - -33 - (26 - 1)?
-7
Calculate (0 + -15 - (-99 + 88)) + 4.
0
Calculate 11 + -1 - (47 + -48).
11
Calculate -33 - (-33 + 12) - -39.
27
16 + ((-2 - -1) + -9 - (-14 - -12))
8
(8 + 1 - -6) + 5 + (-5 - 7)
8
What is the value of -15 + (16 - 18) + (5 - -4)?
-8
What is 10 - (9 + -12 - -1)?
12
Calculate -39 + 3 + ((10 - 3) + 8 - 8).
-29
Calculate 19 + (10 - 66) + 25.
-12
17 + (-27 - 0 - -26)
16
What is the value of (765 - 777) + (1 - 1 - 5)?
-17
Evaluate -1 - -14 - 23 - -3.
-7
What is 14 - (-20 - (-12 - 10))?
12
Calculate (-12 - -31) + (-49 - -5).
-25
Calculate -9 - (-23 + 10) - 10.
-6
(3 - (9 + 3)) + (171 - 155)
7
Calculate 1 - (0 + -12) - (433 - 435).
15
Calculate 2 - (-9 + -2) - (-2 - 0).
15
Evaluate (-5 + 8 - -4 - 22) + 41.
26
What is the value of 4 + 0 - (382 + -386)?
8
What is the value of -5 - (-28 + 4 - -13) - (-1 - -7)?
0
Evaluate (3 - (-7 - (-9 + -2) - 3)) + -2.
0
Evaluate -2 + 0 - -3 - 1 - (-50 + 34).
16
Evaluate -42 + (9 - -20 - -3).
-10
Evaluate 20 - 16 - (-2 + (2 - 11)) - 1.
14
Evaluate (0 - (-6 + 6)) + (-2 - -6) + 0.
4
-33 - 33 - -39 - (3 - 21)
-9
-21 + (23 - (-7 - -16))
-7
Calculate (-19 - -34) + -19 + (-2 - -1).
-5
Calculate -2 + 2 + -15 - (-2 - (0 - 2)).
-15
Calculate (-15 + 41 - 71) + 30.
-15
What is the value of -285 + 263 - (-17 + -2)?
-3
Calculate 90 - 100 - (2 + 13 + 3).
-28
37 - (3 + (51 - 33))
16
What is the value of 76 + -73 + (-17 + 2 - -3)?
-9
Evaluate 2 + 19 + -18 + -20.
-17
What is -1 + 1 + (4 - (1 + 3 + 0))?
0
What is the value of -10 - (8 - (11 + 34 + -12))?
15
What is the value of -241 - -252 - (-1 + 27)?
-15
-5 - (0 - (-1 - -3) - (19 + -22))
-6
What is the value of (-56 + 34 - -24) + 29?
31
What is -1 - -6 - (-5 - (4 + -11 + 2))?
5
Evaluate (-11 - -20) + -41 + 20.
-12
Evaluate -3 + (38 - 9) + (9 - 21).
14
(5 - 6) + 16 - 8
7
What is the value of (-32 - (-30 - -12)) + 19?
5
What is the value of -19 - -36 - (17 + (-2 - 4)) - -5?
11
Calculate (6 - 9) + 8 - (0 + -8).
13
Calculate 13 - ((-12 - -2) + 2 + 16) - 7.
-2
What is (1 - 9) + (3 - 0) + (811 - 786)?
20
Calculate -25 + (12 - 3 - 4) + 21 + -25.
-24
-1 - (-4 + 4 - -1 - (-9 - -14))
3
What is (5 - -6) + (0 - -6) - (1 + 0)?
16
Evaluate -18 + 23 - (0 - (6 + -9)).
2
Evaluate 6 + (6 - (4 + 4)).
4
Calculate 4 + -1 + -177 + 168.
-6
Evaluate -26 + (18 - (-1 + 15) - -4).
-18
Evaluate -14 + (-9 - -38 - -3).
18
Calculate (19 - (-5 - 7 - (3 + -8))) + 12.
38
Evaluate 10 + -18 + 15 + 5.
12
What is the value of (-26 - 0) + (711 - 695)?
-10
Calculate -3 + 2 + -9 + 2.
-8
What is -10 + (-4 - -11 - -4)?
1
Calculate (37 - 35) + 19 + -17.
4
What is the value of -7 + 31 + (16 - 27)?
13
Calculate (-2 - -4) + -4 - (2 + -15 - -16).
-5
What is the value of -8 - (5 + 6 + -7 - 4)?
-8
What is (-25 - -24) + (-2 - (-2 - 5)) - 16?
-12
Evaluate 9 - (33 - 23 - 16).
15
What is the value of 0 -